+ 72 = 10, 4*v = -5*w - 85. Let x be 45/v + 1/4. Determine a(x).
-8
Let i(k) be the first derivative of k**4/2 + 3*k**2/2 + 2*k - 1. Determine i(-2).
-20
Let z = -1 - 0. Let v be z/(3/(-3)) + 2. Suppose v*n + n = 0. Let h(g) = g**2 + 1. What is h(n)?
1
Let y be 1*(4 + -2 + -1). Let t(f) = f**3 + 6*f**2 - 6*f + 5. Let o(r) = -2*r**3 - 7*r**2 + 7*r - 6. Let n(g) = -5*o(g) - 6*t(g). What is n(y)?
4
Let u(s) = -s + 2. Let a(w) = -w - 1. Let c(x) = -x**3 + x**2 - 3*x + 2. Let z(f) = -2*a(f) + c(f). Suppose o = 3*o. Let b be z(o). What is u(b)?
-2
Let m(q) be the third derivative of -q**4/24 + 5*q**3/6 + 10*q**2. Give m(5).
0
Let k(v) = 7*v**2 - 12*v - 12. Let w = 7 - -4. Let b(u) = -13*u**2 + 23*u + 23. Let g(s) = w*k(s) + 6*b(s). What is g(6)?
6
Let x(m) = m**3 - 3*m**3 - 2 + m**3 - 3*m**2 - 2*m. Let d be x(-2). Let w(f) = 2 + 0 - 2*f + 2 - 7. Determine w(d).
1
Suppose 5*b - 20 = -0*b. Let n(r) be the third derivative of 2*r**2 + 0 - 1/6*r**3 + 0*r - 1/24*r**b. Calculate n(-3).
2
Suppose 0*f = -2*f + 8. Let y(w) be the first derivative of w**3/6 - 3*w**2/2 - w - 3. Let l(c) be the first derivative of y(c). Give l(f).
1
Let d be -1*(0 + (-2 - -3)). Let w(i) = -3*i**2 + i + 1. Let p(v) = 4*v**2 - v - 1. Let q(g) = -4*p(g) - 5*w(g). What is q(d)?
-1
Let a(y) = -y**2 - 8*y - 2. Suppose 0 = -5*o - u - 45, -u + 6 = -o + 3. Let p be a(o). Let g(d) = -d**3 + 2*d. Calculate g(p).
4
Let o(h) = h**2 + 7*h - 11. Suppose -4*k = -4*l + 52, -k + 0*k = 4*l - 12. Give o(k).
-3
Suppose v - j + 1 = 0, 3*v + 2*v + 29 = -3*j. Let t(o) = -3*o - o + 2*o + 3*o. What is t(v)?
-4
Let h(f) = -5*f**2 - f - 20. Let r(s) = -s**3 - 9*s**2 + s + 6. Let z be r(-9). Let u(b) = 2*b**2 + 7. Let m(d) = z*h(d) - 8*u(d). Give m(4).
0
Let z be (-3)/(3/(-2))*1. Let k(c) = 1 + 5*c + c + z*c**3 + 4*c**2 - 3*c. Let a(h) = -2*h**3 + 6*h**2 - 2*h + 4. Let m be a(3). Give k(m).
-5
Let t be (0 - 11) + (-1)/1. Let f = -17 - t. Let v(y) = y**2 + 3*y - 9. Let n(k) = -k**2 - 3*k + 8. Let z(m) = 3*n(m) + 2*v(m). Give z(f).
-4
Let r(u) be the third derivative of u**4/24 + 5*u**3/3 + 9*u**2. What is r(0)?
10
Let j(r) be the first derivative of r**3/3 + 5*r**2 + 6*r - 29. Determine j(-9).
-3
Suppose 3*v - 1 = 2*v. Suppose -1 = -h + v. Let p(y) = -5 + h - 2*y + 7. Determine p(4).
-4
Let k(t) be the first derivative of -1/3*t**3 - 1 + 1/2*t**2 - 2*t. Let o(f) = -f**3 - 5*f**2 - 3*f + 4. Let u be o(-4). Give k(u).
-2
Suppose 2*l = -73 + 65. Let h(b) = -b**2 + 3. What is h(l)?
-13
Let i(l) = 5*l + 29*l**2 + 6 - 24*l**2 + 14. Let c(x) = 2*x**2 + 2*x + 7. Let h(z) = -8*c(z) + 3*i(z). Calculate h(3).
-8
Let m(b) = b**3 + 7*b**2 + 7*b - 2. Suppose 3*l = 3*c + 21, 2*c - l + 4 = -4*l. What is m(c)?
13
Let z(r) = r**2 - 7*r + 6. Let y = 91 + -85. Give z(y).
0
Suppose 0*l - 4 = -l. Let d be ((-4)/6)/(l/(-30)). Let f(x) = x**2 - 3*x - 7. What is f(d)?
3
Let b be ((-3)/(-4))/((-2)/(-16)). Suppose 0 = -5*l - 4*i + b, 0*l - i - 2 = 3*l. Let y(r) = r + r**2 + r**3 + 1 + 2*r**2 + r**3. Determine y(l).
-5
Let g(x) = -x**2 - x. Let b(c) = 2*c**2 + c - 2. Let n(r) = -b(r) - 3*g(r). Determine n(-3).
5
Let w(z) = -z. Let m(k) = -8*k**2 - 6*k - k**3 + 0*k + 2*k**2 + 0*k. Let i be m(-5). What is w(i)?
-5
Let y(o) = 49 - 29 - 26 + o. Give y(5).
-1
Let o(h) = -h**3 + h**2 + 3*h - 3. Let k = 60 - 58. Determine o(k).
-1
Let l(v) be the second derivative of v**5/20 - v**4/3 + v**3/6 - v. Suppose -71 = 2*o - 73, -19 = -4*y - 3*o. What is l(y)?
4
Let k(z) = -5*z**3 - 12*z - 10. Let q(b) = 9*b**3 + b**2 + 23*b + 19. Suppose 35 + 9 = 4*p. Let i(s) = p*k(s) + 6*q(s). What is i(7)?
-3
Let m(u) be the second derivative of u**3/6 + 3*u**2/2 + 7*u. Calculate m(-5).
-2
Let k(w) = -11*w**2 - w - 4. Let f(b) = 11*b**2 + 2*b + 5. Let j(i) = 3*f(i) + 4*k(i). Let m = 11 - 8. Suppose -m*l = -8*l + 5. Give j(l).
-10
Let z(b) = -3*b + 1. Let u be 8/3*63/12. Let i be u/5 + 5/25. What is z(i)?
-8
Let q be 1/(2/(-4)*2). Let a = -2 + 4. Let t(z) = 2*z**3 - 3*z**3 + 2*z + 2*z**3 + a*z**2 + 1. Give t(q).
0
Let m(b) be the third derivative of -b**4/24 + 5*b**3/6 - 15*b**2. Calculate m(7).
-2
Let a = 1 + 1. Let y(r) = -r**a + 6*r + 3 - 6 - 4. Calculate y(5).
-2
Let b(i) = 2*i**2. Let s be b(-1). Let o(h) = 3*h - 1. Calculate o(s).
5
Let a = 7 + -2. Let m(d) = -d**2 + d + 1. Let r(o) = -o**3 + 3*o**2 + 6*o - 2. Let f(i) = m(i) - r(i). Give f(a).
3
Let f(x) = -6*x**3 - x + 1. Let l(z) = -4*z - 2*z - 31*z**3 + 6 + z. Let s(v) = 11*f(v) - 2*l(v). Suppose -k - 8 = 2*k - n, 4*k - 2*n + 14 = 0. Determine s(k).
4
Let u(k) = k + 10. Let w be u(-5). Let r(z) = -z**3 + 6*z**2 - 5*z + 1. Give r(w).
1
Let x(y) = -3*y**3 + y**2 + 5*y + 3. Let q(w) = -4*w**3 + 5*w + 3. Let n(u) = 4*q(u) - 5*x(u). What is n(-4)?
1
Let f(s) = -s**2 - 7*s - 2. Let m be f(-6). Suppose -5*r + m = 14. Let z(p) = -p - 2*p + 2 + 0. Calculate z(r).
8
Let c(y) = y**2 - 2*y - 1. Let o be c(3). Suppose l + 5 = 1, 16 = 4*n - o*l. Suppose -i + 6*z = 3*z, n*i - z = 0. Let f(p) = -p**2 - p - 2. Calculate f(i).
-2
Let d(c) = c + 2. Suppose -22*r = -25*r + 6. Suppose 27 - 8 = -g + 4*p, 4*g - r*p = -20. Give d(g).
-1
Let d be -2 + 0 - (2 + -1). Let u = 4 + 0. Let q(l) = 0*l - l**3 + u + 2*l**2 + 2*l**3 - l. Calculate q(d).
-2
Let m(x) = x**3 + 6*x**2 - 5*x + 11. Let a be m(-7). Let c(o) = -5*o**2 - 4*o + 4. Let j(g) = g**2 - 1. Let i(l) = c(l) + 4*j(l). Calculate i(a).
3
Suppose 9*s - 4*s = 10. Let a(o) = -o + 14*o**2 + 2 + s*o - 15*o**2. What is a(4)?
-10
Let v(g) = -g**3 + 7*g**2 - g + 7 + g - 4. Let y be v(7). Let h(k) = k + 1. Give h(y).
4
Let i(n) = -11. Let f(r) = -5. Let l(m) = 9*f(m) - 4*i(m). Let d(p) = 2*p - 6. Let h(w) = w**2 - 4*w - 2. Let y be h(4). Let s(x) = y*l(x) - d(x). What is s(6)?
-4
Let u(d) = 5*d - 5. Let h(s) = -6*s + 6. Let i(q) = -6*h(q) - 7*u(q). Suppose -3*w = -t - 2, 5*t + 1 = -w - 9. Determine i(t).
-3
Let u(s) = -1 + 20*s + s**2 - 3 - 15*s - 2*s**3 + s**3. Give u(3).
-7
Let n(d) = d. Suppose 0 = 3*h - 5*j - 10, -40 = h + 2*h + 5*j. Let k = 4 + h. Calculate n(k).
-1
Suppose 6*m + 44 = 8. Let j(t) = -2*t**3 - 17*t**2 + 17*t - 4. Let o(i) = -i**3 - 9*i**2 + 9*i - 2. Let c = 35 - 24. Let u(k) = c*o(k) + m*j(k). What is u(-4)?
-2
Let k(y) be the first derivative of -y**4/4 + 5*y**3/3 - 2*y**2 - 4*y - 1. What is k(4)?
-4
Let p(k) be the first derivative of k**4/4 - 4*k**3/3 + 3*k**2/2 + 4*k - 24. Calculate p(3).
4
Let z(r) = r**3 + 4*r**2 + 2*r + 4. Let w(v) = -v**3 + 7*v**2 - 5*v - 10. Let s be w(6). What is z(s)?
-4
Suppose 3*w - 3*j - 16 = -j, w = -j - 3. Let n(x) be the second derivative of x**5/10 - x**4/12 - x**3/6 + x**2/2 - 2*x. Determine n(w).
11
Suppose 4*d + 16 = 3*z - z, 0 = 3*z - 2*d - 12. Suppose 4*t = 8*t - z*y - 4, 2*y - 20 = -4*t. Let i(v) = -v**2 + 3*v + 2. What is i(t)?
2
Let i(o) be the first derivative of o**4/2 + o**3 - o + 37. Calculate i(-2).
-5
Suppose 2*g + 9 = -3*t, 0*g - 3*t - 18 = -g. Suppose g*b - 3*c - 15 = -2*b, 4*b + 20 = -4*c. Let a(i) = -i**2 - i + 13. What is a(b)?
13
Let x(t) = -4*t**2 + 15*t - 13. Let w(d) = -3*d**2 + 10*d - 9. Let l(b) = -7*w(b) + 5*x(b). What is l(-5)?
-2
Let y = -33 - -30. Let k(u) = -u**3 + u**2 + u - 6. Let b(w) = -w**2 - w + 1. Let d(g) = -4*b(g) - k(g). Determine d(y).
-7
Let t(o) = -o**2 - 1. Let h = -7 - -10. Suppose -8*p - 13 = 4*r - h*p, -r = 3*p + 5. Let z = r + 5. Give t(z).
-10
Let s(t) = t**2 - 10*t - 12. Let k be -8*(3 + ((-36)/16 - 2)). What is s(k)?
-12
Let m(i) = 0*i**2 + i + 2*i + i**2 + i. Calculate m(-6).
12
Let k(m) = 2*m. Let g(i) = 3*i + 1. Let b(w) = -3*g(w) + 5*k(w). What is b(4)?
1
Let t(f) = 4 + 5 + 0*f + f**3 - 5 - 2*f - 4*f**2. What is t(4)?
-4
Let r(z) be the second derivative of -z**3/6 + z**2/2 - 21*z. What is r(-5)?
6
Let u(l) = -l**3 - 5*l**2 - 2*l - 1. Let f = 0 - -2. Let x be (6/8)/(f/(-8)). What is u(x)?
-13
Let c(u) = u**2 + u - 18. Suppose -2*n - 4 = -2*x, 10 = -5*x - 4*n - n. Give c(x).
-18
Let k(z) be the second derivative of -z**5/20 + 5*z**4/12 + 2*z**3/3 + 7*z**2/2 + 10*z. Give k(6).
-5
Let b(a) be the second derivative of a**4/12 + a**3/2 + a**2/2 - 8*a. Determine b(-3).
1
Let b(k) be the second derivative of -k**3/6 + k**2 + 2*k. What is b(6)?
-4
Let o(c) = -c + 4 - 4 + 8. Determine o(5).
3
Suppose 4*v - l + 5*l - 12 = 0, 3*v = 2*l + 9. Suppose 1 = -r + v. Let o(g) = -g**3. Gi